 greatest common divisor of 21 and b?
21
Suppose 4*w - 53 = 11. Let x(q) = q**2 + 9*q + 23. Let o be x(-5). Suppose i = o*i - w. Calculate the highest common divisor of i and 88.
8
Let y = 569 + -545. What is the highest common factor of 136 and y?
8
Let y = 823 - 779. What is the highest common factor of y and 18?
2
Let j = -181 + 233. Calculate the highest common factor of j and 91.
13
Let v = -63 - -114. Let i = v - 42. What is the highest common divisor of 90 and i?
9
Suppose 8*j - 20 = 3*j. Suppose -q + 9 = -4*q, 7 = -j*c - 5*q. Let t be (-3)/6 - (-201)/c. What is the highest common divisor of t and 20?
20
Suppose 3*y = o + 67 - 18, 0 = y + 5*o - 11. Calculate the highest common factor of 1328 and y.
16
Let s be -2 + (-2 - 84/(-6)). Suppose -s*b + 5320 = 10*b. What is the highest common factor of 38 and b?
38
Let y = 5145 - 5135. Let l be 1*22*(4 + 1). Calculate the greatest common divisor of y and l.
10
Let p(v) = 12*v + 300. Let i be p(-19). What is the highest common factor of 1908 and i?
36
Suppose -12*f + 486 = 6*f. What is the highest common divisor of f and 261?
9
Suppose 3*k - 8*k - 125 = 0. Let l = k + 25. Suppose -4*p + l*p = -20. What is the highest common divisor of 35 and p?
5
Let j = 1885 + -1740. Calculate the highest common factor of 3045 and j.
145
Let t = -429 + 444. Calculate the highest common divisor of t and 1245.
15
Let j = -7 - -7. Let u = 7 - j. Let k be 83 + (294/7)/(-7). What is the greatest common divisor of k and u?
7
Suppose 2*a - 252 = -2*a. Let i = 51 - 26. Let d = i + -18. Calculate the highest common divisor of d and a.
7
Let v(m) = 4*m**2 + 39*m + 28. Let d be v(-12). Suppose 2*n + 54 = 5*n. Let y = n - 1. Calculate the greatest common factor of d and y.
17
Suppose -9*k + 14*k - 160 = 0. Suppose 3*j - 96 = -0*j. Calculate the highest common divisor of j and k.
32
Let k(v) = -v + 32. Let m(x) = x + 35. Let n be m(-25). Let y be k(n). Calculate the highest common factor of 44 and y.
22
Let f = 168 + -147. What is the highest common factor of f and 399?
21
Let k(o) = -o**2 - 15*o - 10. Let i be k(-5). What is the greatest common factor of 760 and i?
40
Suppose -9*p = -2*p - 2828. Calculate the highest common factor of p and 4.
4
Let q be 486/10 + (-1)/(55/33). Calculate the greatest common divisor of 30 and q.
6
Suppose 15*s = 3*s + 3024. What is the greatest common divisor of 98 and s?
14
Suppose -2*z + 13 = -s, -8*s - 39 = -5*z - 12*s. Calculate the highest common divisor of z and 21.
7
Suppose 3*j + 3 = i - 18, 32 = 2*i - 4*j. Let d be (33/(-22))/(i/(-304)). Let v be (-58)/(-3) - (-1)/(-3). Calculate the greatest common divisor of d and v.
19
Suppose 7*x + 37*x = 1012. What is the highest common factor of 943 and x?
23
Let i = -8 - -17. Suppose l + 11 = 2*h - 6*h, -8 = -4*l - 3*h. Suppose -3*n + l*n - 180 = 0. What is the greatest common factor of n and i?
9
Let l = 165 + -117. Let a = 73 - l. What is the greatest common factor of a and 10?
5
Suppose -5*w - 183 - 272 = 0. Let d = w - -113. What is the highest common divisor of 121 and d?
11
Let t(b) = -23*b**2 - 1. Let q be t(-3). Let f = -109 - q. What is the greatest common divisor of 9 and f?
9
Let h(y) be the second derivative of y**4/3 - y**3/6 + 3*y**2/2 + 30*y. Let z be h(3). What is the highest common factor of 12 and z?
12
Suppose -4*r = -2*d + 5*d - 157, -104 = -2*d - 3*r. Suppose -3*a = 2*a, 6 = -b - 2*a. Let i = b + 17. What is the greatest common divisor of i and d?
11
Suppose -j = -1, 0 = -r - 3*j - 3 - 0. Let s = -2 - r. Suppose -t - 2*q + 14 = 0, 35 = 5*t - 3*q + s. What is the highest common factor of t and 8?
8
Suppose 11*z - 74 + 8 = 0. Suppose -5 = s - z*s. Calculate the greatest common divisor of 5 and s.
1
Suppose 6*w + 30 = w. Let t(l) = -3*l + 3. Let g be t(w). Let q = g + -13. What is the greatest common divisor of 20 and q?
4
Suppose 0 = 4*y - 16, -3*f + 112 + 3 = 4*y. Let p be f + (-3*2 - -3). What is the greatest common divisor of 20 and p?
10
Suppose 0*u + u = 3. Let j(c) = 3*c**2 + c - 1 + 6*c**u + 94*c**3 - 3*c**2. Let d be j(1). What is the greatest common factor of 20 and d?
20
Suppose -7*q - 40 = 2. Let v be (-18)/(-4)*(-20)/q. What is the highest common divisor of v and 135?
15
Let g = 985 + -969. Let b(u) = -2*u. Let n be b(-4). Calculate the greatest common factor of n and g.
8
Let o be (222/(-12)*5)/((-2)/20). What is the highest common factor of o and 50?
25
Let o(x) = x**3 - 4*x**2 - 4*x. Let w be o(5). Suppose 0 = 4*f + 5*c - 68, w*c + 68 = -f + 5*f. Calculate the greatest common factor of f and 136.
17
Let z = 4 - 11. Let h = z + 17. Suppose 12 = -12*w + 15*w, 5*i = 6*w - 4. Calculate the highest common factor of h and i.
2
Let o = 60 - 26. What is the highest common divisor of 646 and o?
34
Let z be (-2)/(-9) - 2426/(-18). Let g = -11 + 13. Suppose -5*h = -g*h - z. What is the highest common factor of 5 and h?
5
Let c(r) = -r**2 - r + 1. Let x be c(3). Suppose 3*y - 146 = -5*i, 2*y - 108 + 17 = 3*i. Let z = y + x. Calculate the highest common divisor of 12 and z.
12
Let i(b) = 40*b - 88. Let p be i(3). Suppose 0 = -2*t - 3*t + 160. Calculate the highest common factor of p and t.
32
Suppose 7*f - 143 = -r, 23*r - 539 = 19*r + 5*f. Suppose 2*l = -3*y + 5*y + 36, 3 = -3*y. Calculate the highest common factor of r and l.
17
Let v = -28 - -58. Let b be 2 + 0 + 3 + -3. Suppose -4*i + 2*q + 18 = 0, 0 = 3*i + b*i - 4*q - 18. What is the greatest common factor of v and i?
6
Suppose -6 + 2 = -v. Let g be ((-16)/v + 2)*-4. Calculate the greatest common factor of 8 and g.
8
Let s(u) = 4 + 2 + 0*u + 6 - u. Let q be s(10). Let i be -1 + (q - (-3 - 3)). Calculate the greatest common divisor of 7 and i.
7
Let o = -34 + 58. Let r = -2117 + 2123. What is the greatest common factor of o and r?
6
Let g be -5 + (-2)/8*0. Let t be (-10)/(-50) - 34/g. Calculate the highest common factor of 63 and t.
7
Suppose -4*c + 152 = -5*q, -q - 4*q - 119 = -3*c. What is the highest common factor of c and 9?
3
Suppose 16*i - 565 = -85. What is the highest common factor of 285 and i?
15
Let i be -5*3/(-25)*(-20)/(-4). Calculate the greatest common divisor of i and 381.
3
Let x(k) = 4*k**2 - k + 1. Let f be x(1). Suppose 2*j - 4*o - 2 - 30 = 0, 5*j - 3*o = 59. Calculate the greatest common divisor of f and j.
2
Suppose -25 = 5*x - 2*h - 146, -3*h = 5*x - 106. Suppose x*z = 28*z - 525. Calculate the greatest common divisor of z and 15.
15
Let s be (2/(-6))/((-3)/261). Let g = s + -8. Let k be g*3 - 30/(-10). Calculate the highest common divisor of k and 22.
22
Suppose 6*k + 215 = 11*k. Calculate the greatest common factor of k and 43.
43
Suppose 2*o - 110 = 2*s, -5*o + 3*s = 7*s - 320. Calculate the highest common factor of 780 and o.
60
Let j = 393 - 253. Calculate the greatest common divisor of 56 and j.
28
Let l be (1480/30)/(4/6). Let g = 124 - l. Let y = 5 - 0. Calculate the greatest common factor of g and y.
5
Let b be (46/12 - 2/(-3))*2. Suppose 5*h = -2*z + z + b, 4*h = 5*z - 132. What is the greatest common divisor of 16 and z?
8
Suppose -32*y = 2*c - 37*y - 205, 2*y + 460 = 5*c. Let b(u) = u**2 + u + 10. Let i be b(0). What is the greatest common factor of i and c?
10
Let k(l) = l**2 + 10*l + 28. Suppose -4*i - 58 = -22. Let j be k(i). Calculate the greatest common factor of 57 and j.
19
Suppose -338 + 113 = -5*d. Let c = 65 - 50. Calculate the highest common factor of d and c.
15
Suppose 9*x - 6287 + 1562 = 0. Calculate the greatest common factor of 35 and x.
35
Suppose p - 2 + 12 = 0. Let q be (-74)/p + 12/20. What is the highest common factor of 48 and q?
8
Let y(f) be the second derivative of f**5/10 - 2*f**4/3 + f**3 - f**2 + 22*f. Let b be y(4). What is the highest common divisor of 2 and b?
2
Let i(c) = c**2 - c - 11. Let k be i(-7). Let o = 57 - k. What is the greatest common divisor of 60 and o?
12
Let y(n) = -3*n + 141. Let l be y(27). Calculate the greatest common factor of 100 and l.
20
Let a be (60/(-14))/(4/(-28)). Let y be (-4)/(-2) - -25 - -3. Let h = y + -10. Calculate the highest common divisor of a and h.
10
Let v(a) = -2*a + 18. Let z be v(6). Suppose -9*j + z*j = -48. What is the greatest common divisor of 80 and j?
16
Let f be 1420/15 - 20/(-15). Let h(x) = -10*x - 6. Let a be h(-3). What is the highest common fac